 digit of n?
3
What is the units digit of (-11913)/(-44) - -5 - (-5)/4?
7
Suppose m + 0*m = 3*q + 115, 4*m + 2*q = 474. Suppose -44*u + m = -43*u. What is the tens digit of u?
1
Let t(g) = g**2 + 2*g - 1. Let u be t(-3). Let i(z) be the third derivative of z**6/40 - z**5/30 + z**4/6 - z**3/2 - 8*z**2. What is the tens digit of i(u)?
2
Suppose 0 = -114*m + 117*m - 879. What is the tens digit of m?
9
Let z(r) = r**2 + 159. Suppose 4*x = -5*b - 20, 8 = -4*b + 2*b. Let c be z(x). What is the units digit of c/6 + (-2)/4?
6
Let z = 40 + -40. Suppose 2*v = 3 + 3. Suppose v*s - 30 = 5*u, -3*u = -z*u. What is the tens digit of s?
1
Let r = -93 - -769. Suppose -5*c + 0*l + 2*l = -r, 4*c + 3*l = 527. What is the hundreds digit of c?
1
Suppose -259 = -3*o - 85. Suppose -o - 105 = -p. Suppose -3*m = -2*u - p, 5*u - 15 - 119 = -2*m. What is the units digit of m?
7
Let h(y) = 11*y**2 - 3*y + 1. Let c be h(-5). Let o = 420 - c. What is the hundreds digit of o?
1
What is the tens digit of -3*8/36*3474/(-12)?
9
Suppose 25 = 2*c + z, z = 13*c - 12*c - 17. What is the tens digit of c?
1
Suppose -3*x + 4*l = l + 3, 0 = 2*l - 6. Suppose x = 2*r, 2*d = -0*d - 2*r + 74. What is the units digit of d?
6
Let k(y) = 26*y**2 + 17*y + 215. What is the tens digit of k(-14)?
7
Let x(a) = -1439*a + 14. What is the units digit of x(-1)?
3
Let x(g) = -g - 1. Let i(u) = 5*u - 3. Let v(y) = -i(y) - 4*x(y). Let n be v(0). Suppose -n*a - 3 + 10 = 0. What is the units digit of a?
1
What is the units digit of (-620)/6*168/(-35)?
6
Let q(h) = -h**3 - 35*h**2 - 115*h - 21. What is the hundreds digit of q(-35)?
0
What is the units digit of (-6)/(-39) + (-293160)/(-273)?
4
Suppose a = -y + 728, -8*a + 6*a + 3*y + 1471 = 0. What is the hundreds digit of a?
7
Suppose 4*j - 28 = 2*j. Let p = j - -23. What is the units digit of p?
7
Suppose 4*k + 58 = -30. Let w = 24 + k. What is the tens digit of w/3 - (-1826)/33?
5
Let n be (-2 + 4 + -3)/(-1). What is the units digit of (62 - (-3)/n) + 2?
7
Let z(h) = -h**2 + 60*h - 444. What is the units digit of z(31)?
5
Let h(k) be the second derivative of -17*k**3/6 - 19*k**2/2 + 20*k. What is the hundreds digit of h(-8)?
1
Suppose 0 = z - 5*j - 665, z = 4*j - 5*j + 659. What is the hundreds digit of z?
6
Suppose c + 2690 = 3*c + 3*s, 3*c - 3*s - 4005 = 0. What is the hundreds digit of c?
3
Suppose 0 = t + 3*t - a - 12, -t + 5*a = 16. Suppose 36 = t*d + w, 2*d - w = 4*w - 4. Suppose d*x - 208 = 4*x. What is the units digit of x?
2
Suppose 0 = -s - 5*x - 5, -s = -0*s + 2*x + 5. Let w(n) = n + 12. Let t(f) = f - 1. Let d(g) = -3*t(g) - w(g). What is the tens digit of d(s)?
1
Suppose 0 = -4*m + 3*m - 4. Let z be m/(-18) + 2559/27. Suppose z = 3*i + 2*i. What is the tens digit of i?
1
Suppose 0 = m - 3*v + 3, -4*v + 22 = 4*m + v. What is the tens digit of (4 + 56/12)*m?
2
Let f(c) = -11 + 0*c + c**2 - c - 2. Let x be f(6). Suppose -u - s + x = 0, -4*u = -0*u - 2*s - 74. What is the tens digit of u?
1
Suppose -7*t - 14 = -6*t. Let i(d) = -8*d - 72. What is the tens digit of i(t)?
4
Let g(r) = -2*r**3 - 5*r**2 - 2*r - 13. Let b(d) = d**3 + 3*d**2 + d + 6. Let v = 24 + -17. Let k(n) = v*b(n) + 3*g(n). What is the tens digit of k(-4)?
3
Suppose 0*a - 21*a = -40341. What is the tens digit of a?
2
Suppose 3*u - 115 = -28. Let o = -3 + u. What is the units digit of (o/65)/((-1)/(-5))?
2
Let b(v) = v - 1. Let r be b(-5). Let o be ((-3)/r)/((-1)/2). What is the tens digit of 5*((-288)/(-20) + o)?
6
Let w(h) = -6*h**3 + h - 38*h**2 + 2*h + 50*h**2 + 5. Let p(t) = 5*t**3 - 11*t**2 - 4*t - 6. Let f(r) = -5*p(r) - 4*w(r). What is the tens digit of f(8)?
1
Suppose 6648 = 5*d + 1663. What is the tens digit of d?
9
Suppose 2*r = 825 + 89. What is the hundreds digit of r?
4
Let d(w) be the first derivative of -w**4/4 + 3*w**3 - 7*w**2/2 + 12*w - 32. What is the units digit of d(7)?
1
Suppose 9*g - 10*g = -63. Suppose -u - g = -4*u. What is the tens digit of u?
2
Let y be (1 + 0)*-1 - (-178 + -6). Suppose 5*j - 177 = y. What is the tens digit of j?
7
Let c(h) = h**3 + 2*h**2 - 6*h - 5. Let m be c(-4). Let w = -1 - m. What is the tens digit of w?
1
Let t(g) = 3*g + 16. Let d be t(-15). Let l = 41 + d. What is the tens digit of l?
1
Let b = -505 - -1223. What is the hundreds digit of b?
7
What is the tens digit of 40612/66*6/4?
2
Suppose -394 = -4*v - 106. Suppose -21*q - v = -25*q. What is the units digit of q?
8
Let s = 4 - -1. Suppose -a = -s*a + 96. Suppose a = 4*i - 3*i. What is the tens digit of i?
2
Let h(b) = -b - 11. Let p be h(-8). Let v(y) = -18*y + 3. Let c be v(3). What is the units digit of c/(-3) - p/(-1)?
4
Let n be (-230)/(-23)*2/4. Let d be ((-36)/(-90))/(1/n). Suppose -t + 5 = d, -i = -3*t + 6. What is the units digit of i?
3
Let j(v) = 2*v**3 - 7. Let w(x) = 2*x**3 + x - 8. Let q(h) = -5*j(h) + 4*w(h). Let y be q(-2). Suppose -23 - y = -2*f. What is the tens digit of f?
1
What is the units digit of 107/(36/(-84) - (-16)/21)?
1
Let r be 39*(1 + (-16)/12)*-2. Let f = 35 + r. What is the units digit of f?
1
Let q(g) = -g**3 + 48*g**2 - 10*g - 31. What is the thousands digit of q(47)?
1
Let r(b) = -23*b - 8*b - b. Let s be r(-2). Let x = s + -44. What is the units digit of x?
0
What is the tens digit of 36/(-72) - 263/(-2)?
3
Let j(h) be the first derivative of h**4/4 - 10*h**3/3 - 11*h**2/2 + 5*h - 3. Let q be j(11). Suppose 0*w - q*w + 40 = 0. What is the units digit of w?
8
Let r(b) = 11*b**3 - 10*b**2 + 5*b + 4. Let f(z) = -5*z**3 + 5*z**2 - 2*z - 2. Let w(l) = -9*f(l) - 4*r(l). What is the tens digit of w(6)?
2
Let a(k) = k**3 - 7*k**2 - 18*k - 17. What is the hundreds digit of a(10)?
1
What is the units digit of (-16)/(-32)*4258/(2 - 1)?
9
What is the tens digit of (-38)/133 + 13028/28?
6
Let q(y) = 30*y**2 - y - 23. What is the units digit of q(-4)?
1
What is the hundreds digit of (3672/16 + 2)/(1/6)?
3
Let q(p) = p**3 - 10*p**2 + 19*p - 16. Let b = -72 + 82. What is the tens digit of q(b)?
7
What is the units digit of (-24)/60 + (-3261)/(-45)*3?
7
What is the thousands digit of (12108/24)/(1/2)?
1
Let j(d) = -26*d**3 - 31*d**2 - 18*d - 4. What is the units digit of j(-6)?
4
Suppose -5*s = o + 21, -4*s + 15 = -3*o - 7*s. Suppose -5*f + 51 = 136. What is the units digit of o*(2*f + 0)?
4
What is the hundreds digit of -305*(2 + 3 + -7)?
6
Let w = 9 - 7. Suppose -5*q + 88 = -w*j - 318, 0 = -4*q + 2*j + 324. What is the units digit of q?
2
What is the units digit of 743 - (5 - 110/11)?
8
Let q be -55 + (5 - (-2 + 6)). What is the hundreds digit of ((-118)/5)/(-2 - q/30)?
1
Let k = -13 - 61. What is the hundreds digit of (k/(-5))/((-6)/(-60))?
1
Let u(s) = s**2 - 7*s + 15. Let y be u(6). What is the tens digit of (-196)/(-12) + -3*(-2)/y?
1
Suppose -3 = -a - 49. Let r = 183 + a. What is the tens digit of r?
3
Let h = -55 + 47. What is the units digit of 49*((-12)/h)/((-2)/(-4))?
7
Let n(q) = 2*q - 5*q + 22 + 2*q - 7. Let b be n(10). Suppose 15 = 10*r - b*r, -s + 3*r + 6 = 0. What is the tens digit of s?
1
Let w(y) = -100*y + 185. What is the units digit of w(-5)?
5
Let o = 17 + -39. Let j(z) = -3*z + 33. What is the tens digit of j(o)?
9
Let g(s) = 237*s + 103. What is the thousands digit of g(6)?
1
Suppose 11*d - 15*d + 3872 = 0. What is the units digit of d?
8
Let i(h) = h - 13. Let n be i(22). Let v(f) = 16*f + 7. What is the hundreds digit of v(n)?
1
Suppose -c = k + 13, -70 = 4*k + c - 24. What is the units digit of (-356)/(-2) - (6 + k)?
3
Let v(j) = 575*j**2 + 6*j - 5. What is the units digit of v(1)?
6
Suppose 4*i - 10 = -5*a, 5*a = -i + 11 - 1. What is the tens digit of -2*(-15 + 1) - 3 - i?
2
Let p(n) = 16*n**2 - 2*n. Let a be p(-3). Suppose -9*k - 612 = -3*k. Let b = k + a. What is the units digit of b?
8
Suppose -3*d + 28 = -17. Suppose 5*g = -u + d, 3*g - u - 7 = -2*u. Suppose g*l + 12 = 56. What is the tens digit of l?
1
Let b be 6/(-10) + 40/25. Let j be b*3/(-6)*0. Suppose 5*i - 3*i - 52 = j. What is the units digit of i?
6
Suppose -4*a = u - 7*a - 8, 0 = -u - a. Suppose -g - u*v + 56 = -11, 0 = 2*v - 4. What is the units digit of g?
3
Suppose 12*o + b = 11*o + 2973, 0 = -4*o + 4*b + 11860. What is the tens digit of o?
6
Let n(a) = 76*a**3 + 3*a**2 - 2*a - 1. Let w be n(2). Suppose -2*q + q + 247 = 2*u, -2*q + w = 5*u. What is the units 